{"id":76,"date":"2023-12-14T09:17:37","date_gmt":"2023-12-14T09:17:37","guid":{"rendered":"https:\/\/wifing.es\/?page_id=76"},"modified":"2023-12-19T15:12:48","modified_gmt":"2023-12-19T15:12:48","slug":"inicio","status":"publish","type":"page","link":"https:\/\/wifing.es\/","title":{"rendered":"Inicio"},"content":{"rendered":"<div class=\"n2_clear\"><ss3-force-full-width data-overflow-x=\"body\" data-horizontal-selector=\"body\"><div class=\"n2-section-smartslider fitvidsignore  n2_clear\" data-ssid=\"1\" tabindex=\"0\" role=\"region\" aria-label=\"Slider\"><div id=\"n2-ss-1-align\" class=\"n2-ss-align\"><div class=\"n2-padding\"><div id=\"n2-ss-1\" data-creator=\"Smart Slider 3\" data-responsive=\"fullwidth\" class=\"n2-ss-slider n2-ow n2-has-hover n2notransition  \">\n\n\n\n<div class=\"n2-ss-slider-wrapper-inside\">\n        <div class=\"n2-ss-slider-1 n2_ss__touch_element n2-ow\">\n            <div class=\"n2-ss-slider-2 n2-ow\">\n                                                <div class=\"n2-ss-slider-3 n2-ow\">\n\n                    <div class=\"n2-ss-slide-backgrounds n2-ow-all\"><div class=\"n2-ss-slide-background\" data-public-id=\"1\" data-mode=\"fill\"><div class=\"n2-ss-slide-background-image\" data-blur=\"0\" data-opacity=\"100\" data-x=\"50\" data-y=\"50\" data-alt=\"\" data-title=\"\"><picture class=\"skip-lazy\" data-skip-lazy=\"1\"><img decoding=\"async\" src=\"https:\/\/smartslider3.com\/wp-content\/uploads\/slider424\/slide1.png\" alt=\"\" title=\"\" loading=\"lazy\" class=\"skip-lazy\" data-skip-lazy=\"1\"><\/picture><\/div><div data-color=\"RGBA(255,255,255,0)\" style=\"background-color: RGBA(255,255,255,0);\" class=\"n2-ss-slide-background-color\"><\/div><\/div><div class=\"n2-ss-slide-background\" data-public-id=\"2\" data-mode=\"fill\"><div class=\"n2-ss-slide-background-image\" data-blur=\"0\" data-opacity=\"100\" data-x=\"50\" data-y=\"50\" data-alt=\"\" data-title=\"\"><picture class=\"skip-lazy\" data-skip-lazy=\"1\"><img decoding=\"async\" src=\"https:\/\/smartslider3.com\/wp-content\/uploads\/slider424\/slide2.png\" alt=\"\" title=\"\" loading=\"lazy\" class=\"skip-lazy\" data-skip-lazy=\"1\"><\/picture><\/div><div data-color=\"RGBA(255,255,255,0)\" style=\"background-color: RGBA(255,255,255,0);\" class=\"n2-ss-slide-background-color\"><\/div><\/div><div class=\"n2-ss-slide-background\" data-public-id=\"3\" data-mode=\"fill\"><div class=\"n2-ss-slide-background-image\" data-blur=\"0\" data-opacity=\"100\" data-x=\"49\" data-y=\"41\" data-alt=\"\" data-title=\"\" style=\"--ss-o-pos-x:49%;--ss-o-pos-y:41%\"><picture class=\"skip-lazy\" data-skip-lazy=\"1\"><img decoding=\"async\" src=\"https:\/\/smartslider3.com\/wp-content\/uploads\/slider424\/slide2.png\" alt=\"\" title=\"\" loading=\"lazy\" class=\"skip-lazy\" data-skip-lazy=\"1\"><\/picture><\/div><div data-color=\"RGBA(255,255,255,0)\" style=\"background-color: RGBA(255,255,255,0);\" class=\"n2-ss-slide-background-color\"><\/div><\/div><\/div>                    <div class=\"n2-ss-slider-4 n2-ow\">\n                        <svg xmlns=\"http:\/\/www.w3.org\/2000\/svg\" viewBox=\"0 0 1200 500\" data-related-device=\"desktopPortrait\" class=\"n2-ow n2-ss-preserve-size n2-ss-preserve-size--slider n2-ss-slide-limiter\"><\/svg><div data-first=\"1\" data-slide-duration=\"0\" data-id=\"1\" data-slide-public-id=\"1\" data-title=\"TripleCobertura\" class=\"n2-ss-slide n2-ow  n2-ss-slide-1\"><div role=\"note\" class=\"n2-ss-slide--focus\" tabindex=\"-1\">TripleCobertura<\/div><div class=\"n2-ss-layers-container n2-ss-slide-limiter n2-ow\"><div class=\"n2-ss-layer n2-ow n-uc-PL0DGpcaPMTP\" data-sstype=\"slide\" data-pm=\"default\"><div class=\"n2-ss-layer n2-ow n-uc-IbNOabpfT5aE\" data-pm=\"default\" data-sstype=\"content\" data-hasbackground=\"0\"><div class=\"n2-ss-section-main-content n2-ss-layer-with-background n2-ss-layer-content n2-ow n-uc-IbNOabpfT5aE-inner\"><div class=\"n2-ss-layer n2-ow n2-ss-layer--block n2-ss-has-self-align n-uc-dtwtw9DVCwgQ\" data-pm=\"normal\" data-sstype=\"row\"><div class=\"n2-ss-layer-row n2-ss-layer-with-background n-uc-dtwtw9DVCwgQ-inner\"><div class=\"n2-ss-layer-row-inner \"><div class=\"n2-ss-layer n2-ow n-uc-Fjvyu081qJeK\" data-pm=\"default\" data-sstype=\"col\"><div class=\"n2-ss-layer-col n2-ss-layer-with-background n2-ss-layer-content n-uc-Fjvyu081qJeK-inner\"><div class=\"n2-ss-layer n2-ow n-uc-I1Yh9xU7u99v\" data-pm=\"normal\" data-sstype=\"layer\"><div id=\"n2-ss-1item1\" class=\"n2-font-833a29021a713062ad63d5f9ee476e40-hover   n2-ss-item-content n2-ss-text n2-ow\" style=\"display:block;\">TRIPLE COBERTURA<\/div><\/div><div class=\"n2-ss-layer n2-ow n-uc-abthLwlJR2YF\" data-pm=\"normal\" data-sstype=\"layer\"><div id=\"n2-ss-1item2\" class=\"n2-font-761cc8fef591d5bdb3405cb73a4ea66f-hover   n2-ss-item-content n2-ss-text n2-ow\" style=\"display:block;\">DIRECTAMENTE EN TU M\u00d3VIL<\/div><\/div><div class=\"n2-ss-layer n2-ow n-uc-WiFD54Ks9bGH\" data-pm=\"normal\" data-sstype=\"layer\"><div class=\"n2-ss-item-content n2-ss-text n2-ow-all\"><div class=\"\"><p class=\"n2-font-08339ef831e082917fe44840f4f8aba6-paragraph   \"><b>Estar\u00e1s Siempre Conectado con<br \/>\nCambio de Cobertura Autom\u00e1tico<\/b><\/p>\n<\/div><\/div><\/div><div class=\"n2-ss-layer n2-ow n-uc-ae6dO0qyFIsl\" data-pm=\"normal\" data-sstype=\"layer\"><div id=\"n2-ss-1item4\" class=\"n2-font-8d912c0965e1629b1277f6ee4fdf96e4-hover   n2-ss-item-content n2-ss-text n2-ow\" style=\"display:block;\">Movistar &#8211; Orange &#8211; Yoigo<\/div><\/div><div class=\"n2-ss-layer n2-ow n-uc-nQH6l66aALQB n2-ss-layer--auto\" data-pm=\"normal\" data-sstype=\"layer\"><div class=\"n2-ss-button-container n2-ss-item-content n2-ow n2-font-eff2aced2781d2712e1951a8ee5e5a94-link  n2-ss-nowrap n2-ss-button-container--non-full-width\"><a class=\"n2-style-771503a848f3e267c98f8cc9614a667b-heading  n2-ow \" role=\"button\" onclick=\"n2ss.applyActionWithClick(event, 'next');\" href=\"#\"><div><div>Descubrel\u00e1&#8230;<\/div><\/div><\/a><\/div><\/div><\/div><\/div><div class=\"n2-ss-layer n2-ow n-uc-LnImbm1HgUAv\" data-pm=\"default\" data-sstype=\"col\"><div class=\"n2-ss-layer-col n2-ss-layer-with-background n2-ss-layer-content n-uc-LnImbm1HgUAv-inner\"><div class=\"n2-ss-layer n2-ow n-uc-zxVd9T3kB4xq\" data-pm=\"normal\" data-sstype=\"layer\"><div class=\" n2-ss-item-image-content n2-ss-item-content n2-ow-all\"><img loading=\"lazy\" decoding=\"async\" id=\"n2-ss-1item6\" alt=\"\" class=\"skip-lazy\" style=\"width:600px;height:auto\" width=\"625\" height=\"390\" data-skip-lazy=\"1\" src=\"\/\/wifing.es\/wp-content\/uploads\/2023\/12\/hombre_llamando_campo.jpg\" \/><\/div><\/div><\/div><\/div><\/div><\/div><\/div><\/div><\/div><\/div><\/div><\/div><div data-slide-duration=\"0\" data-id=\"2\" data-slide-public-id=\"2\" data-title=\"FibraOptica\" class=\"n2-ss-slide n2-ow  n2-ss-slide-2\"><div role=\"note\" class=\"n2-ss-slide--focus\" tabindex=\"-1\">FibraOptica<\/div><div class=\"n2-ss-layers-container n2-ss-slide-limiter n2-ow\"><div class=\"n2-ss-layer n2-ow n-uc-QG2LWgJB8xQX\" data-sstype=\"slide\" data-pm=\"default\"><div class=\"n2-ss-layer n2-ow n-uc-TPnUuKlAWVoC\" data-pm=\"default\" data-sstype=\"content\" data-hasbackground=\"0\"><div class=\"n2-ss-section-main-content n2-ss-layer-with-background n2-ss-layer-content n2-ow n-uc-TPnUuKlAWVoC-inner\"><div class=\"n2-ss-layer n2-ow n2-ss-layer--block n2-ss-has-self-align n-uc-NmnNQvKK01kO\" data-pm=\"normal\" data-sstype=\"row\"><div class=\"n2-ss-layer-row n2-ss-layer-with-background n-uc-NmnNQvKK01kO-inner\"><div class=\"n2-ss-layer-row-inner \"><div class=\"n2-ss-layer n2-ow n-uc-R5Jkk06Nmzr4\" data-pm=\"default\" data-sstype=\"col\"><div class=\"n2-ss-layer-col n2-ss-layer-with-background n2-ss-layer-content n-uc-R5Jkk06Nmzr4-inner\"><div class=\"n2-ss-layer n2-ow n-uc-pBArV9G45wKu\" data-pm=\"normal\" data-sstype=\"layer\"><div id=\"n2-ss-1item7\" class=\"n2-font-ce74a14e2dab7dae8cfd9865f92c4844-hover   n2-ss-item-content n2-ss-text n2-ow\" style=\"display:block;\">Fibra \u00d3ptica desde ##\u20ac<\/div><\/div><div class=\"n2-ss-layer n2-ow n-uc-VTHY5nvlR3mD\" data-pm=\"normal\" data-sstype=\"layer\"><div id=\"n2-ss-1item8\" class=\"n2-font-343d27bb0887dfde4c937d97083e1204-hover   n2-ss-item-content n2-ss-text n2-ow\" style=\"display:block;\">Disfruta de rapidez de la fibra<\/div><\/div><div class=\"n2-ss-layer n2-ow n-uc-egrpiCiVAW6a\" data-pm=\"normal\" data-sstype=\"layer\"><div id=\"n2-ss-1item9\" class=\"n2-font-15db24c4557f77f3de4624529d8c4578-hover   n2-ss-item-content n2-ss-text n2-ow\" style=\"display:block;\">red nacional<\/div><\/div><div class=\"n2-ss-layer n2-ow n-uc-zFynQIE17ibW\" data-pm=\"normal\" data-sstype=\"layer\"><div class=\"n2-ss-item-content n2-ss-text n2-ow-all\"><div class=\"\"><p class=\"n2-font-5612f97b3f20d169952fc629520e3322-paragraph   \">Conexi\u00f3n de fibra \u00f3ptica en las redes de operadores nacionales de gran capacidad.<\/p>\n<\/div><\/div><\/div><div class=\"n2-ss-layer n2-ow n-uc-hOW5hPukExe8\" data-pm=\"normal\" data-sstype=\"layer\"><div id=\"n2-ss-1item11\" class=\"n2-font-15db24c4557f77f3de4624529d8c4578-hover   n2-ss-item-content n2-ss-text n2-ow\" style=\"display:block;\">red propia<\/div><\/div><div class=\"n2-ss-layer n2-ow n-uc-jmzqSlFZRZfU\" data-pm=\"normal\" data-sstype=\"layer\"><div class=\"n2-ss-item-content n2-ss-text n2-ow-all\"><div class=\"\"><p class=\"n2-font-5612f97b3f20d169952fc629520e3322-paragraph   \">Conectado a nuestra propia red de fibra que conecta con la red nacional en datacenters. M\u00e1s cercan\u00eda y rapidez.<\/p>\n<\/div><\/div><\/div><div class=\"n2-ss-layer n2-ow n-uc-NpbgtZTkC0pd n2-ss-layer--auto\" data-pm=\"normal\" data-sstype=\"layer\"><div class=\"n2-ss-button-container n2-ss-item-content n2-ow n2-font-eff2aced2781d2712e1951a8ee5e5a94-link  n2-ss-nowrap n2-ss-button-container--non-full-width\"><a class=\"n2-style-771503a848f3e267c98f8cc9614a667b-heading  n2-ow \" role=\"button\" onclick=\"n2ss.applyActionWithClick(event, 'next');\" href=\"#\"><div><div>Consigue tu Fibra&#8230;<\/div><\/div><\/a><\/div><\/div><\/div><\/div><div class=\"n2-ss-layer n2-ow n-uc-iYi6ZKk8yeVp\" data-pm=\"default\" data-sstype=\"col\"><div class=\"n2-ss-layer-col n2-ss-layer-with-background n2-ss-layer-content n-uc-iYi6ZKk8yeVp-inner\"><div class=\"n2-ss-layer n2-ow n-uc-s57h79R9KyEX\" data-pm=\"normal\" data-sstype=\"layer\"><div class=\" n2-ss-item-image-content n2-ss-item-content n2-ow-all\"><img decoding=\"async\" id=\"n2-ss-1item14\" alt=\"\" class=\"skip-lazy\" style=\"width:600px;height:auto\" loading=\"lazy\" width=\"570\" height=\"380\" data-skip-lazy=\"1\" src=\"\/\/wifing.es\/wp-content\/uploads\/2023\/12\/fibra-optica-data-center.jpg\" \/><\/div><\/div><\/div><\/div><\/div><\/div><\/div><\/div><\/div><\/div><\/div><\/div><div data-slide-duration=\"0\" data-id=\"4\" data-slide-public-id=\"3\" data-title=\"TelefonoFijo\" class=\"n2-ss-slide n2-ow  n2-ss-slide-4\"><div role=\"note\" class=\"n2-ss-slide--focus\" tabindex=\"-1\">TelefonoFijo<\/div><div class=\"n2-ss-layers-container n2-ss-slide-limiter n2-ow\"><div class=\"n2-ss-layer n2-ow n-uc-KvxUBKdr8lVA\" data-sstype=\"slide\" data-pm=\"default\"><div class=\"n2-ss-layer n2-ow n-uc-7Rg4uDkMVc7g\" data-pm=\"default\" data-sstype=\"content\" data-hasbackground=\"0\"><div class=\"n2-ss-section-main-content n2-ss-layer-with-background n2-ss-layer-content n2-ow n-uc-7Rg4uDkMVc7g-inner\"><div class=\"n2-ss-layer n2-ow n2-ss-layer--block n2-ss-has-self-align n-uc-qNV88UpSunhx\" data-pm=\"normal\" data-sstype=\"row\"><div class=\"n2-ss-layer-row n2-ss-layer-with-background n-uc-qNV88UpSunhx-inner\"><div class=\"n2-ss-layer-row-inner \"><div class=\"n2-ss-layer n2-ow n-uc-41cOBXl9bbC4\" data-pm=\"default\" data-sstype=\"col\"><div class=\"n2-ss-layer-col n2-ss-layer-with-background n2-ss-layer-content n-uc-41cOBXl9bbC4-inner\"><div class=\"n2-ss-layer n2-ow n-uc-jd3dJqAyCVws\" data-pm=\"normal\" data-sstype=\"layer\"><div id=\"n2-ss-1item15\" class=\"n2-font-ce74a14e2dab7dae8cfd9865f92c4844-hover   n2-ss-item-content n2-ss-text n2-ow\" style=\"display:block;\">Tel\u00e9fono Fijo<\/div><\/div><div class=\"n2-ss-layer n2-ow n-uc-ezxpCytHzs2Q\" data-pm=\"normal\" data-sstype=\"layer\"><div id=\"n2-ss-1item16\" class=\"n2-font-343d27bb0887dfde4c937d97083e1204-hover   n2-ss-item-content n2-ss-text n2-ow\" style=\"display:block;\">Llama f\u00e1cil desde un fijo<\/div><\/div><div class=\"n2-ss-layer n2-ow n-uc-DdVVAkYrUwgB\" data-pm=\"normal\" data-sstype=\"layer\"><div id=\"n2-ss-1item17\" class=\"n2-font-15db24c4557f77f3de4624529d8c4578-hover   n2-ss-item-content n2-ss-text n2-ow\" style=\"display:block;\">Llamadas a fijo y movil<\/div><\/div><div class=\"n2-ss-layer n2-ow n-uc-OvogBxoeZGBa\" data-pm=\"normal\" data-sstype=\"layer\"><div class=\"n2-ss-item-content n2-ss-text n2-ow-all\"><div class=\"\"><p class=\"n2-font-5612f97b3f20d169952fc629520e3322-paragraph   \">Las llamadas de siempre con telefon\u00eda fija a otros tel\u00e9fonos fijos o m\u00f3viles en Espa\u00f1a o extranjero.<\/p>\n<\/div><\/div><\/div><div class=\"n2-ss-layer n2-ow n-uc-5wPz0QndxssJ\" data-pm=\"normal\" data-sstype=\"layer\"><div id=\"n2-ss-1item19\" class=\"n2-font-15db24c4557f77f3de4624529d8c4578-hover   n2-ss-item-content n2-ss-text n2-ow\" style=\"display:block;\">tele-asistencia para mayores<\/div><\/div><div class=\"n2-ss-layer n2-ow n-uc-cqezi238jSVD\" data-pm=\"normal\" data-sstype=\"layer\"><div class=\"n2-ss-item-content n2-ss-text n2-ow-all\"><div class=\"\"><p class=\"n2-font-5612f97b3f20d169952fc629520e3322-paragraph   \">Un requisito necesario para que las personas mayores est\u00e9n mejor atendidas.<\/p>\n<\/div><\/div><\/div><div class=\"n2-ss-layer n2-ow n-uc-iZLSy9XxEN8K n2-ss-layer--auto\" data-pm=\"normal\" data-sstype=\"layer\"><div class=\"n2-ss-button-container n2-ss-item-content n2-ow n2-font-eff2aced2781d2712e1951a8ee5e5a94-link  n2-ss-nowrap n2-ss-button-container--non-full-width\"><a class=\"n2-style-771503a848f3e267c98f8cc9614a667b-heading  n2-ow \" role=\"button\" onclick=\"n2ss.applyActionWithClick(event, 'next');\" href=\"#\"><div><div>Consulta condiciones&#8230;<\/div><\/div><\/a><\/div><\/div><\/div><\/div><div class=\"n2-ss-layer n2-ow n-uc-oGCVKZRLZAd9\" data-pm=\"default\" data-sstype=\"col\"><div class=\"n2-ss-layer-col n2-ss-layer-with-background n2-ss-layer-content n-uc-oGCVKZRLZAd9-inner\"><div class=\"n2-ss-layer n2-ow n-uc-4NBXIT7WBWwh\" data-pm=\"normal\" data-sstype=\"layer\"><div class=\" n2-ss-item-image-content n2-ss-item-content n2-ow-all\"><img decoding=\"async\" id=\"n2-ss-1item22\" alt=\"\" class=\"skip-lazy\" style=\"width:600px;height:auto\" loading=\"lazy\" width=\"500\" height=\"250\" data-skip-lazy=\"1\" src=\"\/\/wifing.es\/wp-content\/uploads\/2023\/12\/LANDLINE-BUSINESS-PHONE-SYSTEMS.jpg\" \/><\/div><\/div><\/div><\/div><\/div><\/div><\/div><\/div><\/div><\/div><\/div><\/div>                    <\/div>\n\n                                    <\/div>\n            <\/div>\n        <\/div>\n        <div class=\"n2-ss-slider-controls n2-ss-slider-controls-absolute-center-bottom\"><div style=\"--widget-offset:5px;\" class=\"n2-ss-widget n2-ss-control-bullet n2-ow-all n2-ss-control-bullet-horizontal\"><div class=\" nextend-bullet-bar n2-bar-justify-content-center\"><div class=\"n2-bullet n2-style-37b83350d88fb82e7ea26e8ad7887167-dot \" style=\"visibility:hidden;\"><\/div><\/div><\/div><\/div><\/div><\/div><ss3-loader><\/ss3-loader><\/div><\/div><div class=\"n2_clear\"><\/div><\/div><\/ss3-force-full-width><\/div>\n\n\n<p> <\/p>\n\n\n\n<div class=\"wp-block-columns is-layout-flex wp-container-core-columns-layout-1 wp-block-columns-is-layout-flex\">\n<div class=\"wp-block-column is-layout-flow wp-block-column-is-layout-flow\">\n<figure class=\"wp-block-image size-full is-resized\"><img loading=\"lazy\" decoding=\"async\" width=\"768\" height=\"432\" src=\"https:\/\/wifing.es\/wp-content\/uploads\/2023\/12\/Apps-Android-2.1670846082.6656.jpg\" alt=\"\" class=\"wp-image-98\" style=\"width:286px;height:auto\" srcset=\"https:\/\/wifing.es\/wp-content\/uploads\/2023\/12\/Apps-Android-2.1670846082.6656.jpg 768w, https:\/\/wifing.es\/wp-content\/uploads\/2023\/12\/Apps-Android-2.1670846082.6656-300x169.jpg 300w\" sizes=\"(max-width: 768px) 100vw, 768px\" \/><\/figure>\n\n\n\n<h2 class=\"wp-block-heading has-text-align-center\">M\u00f3vil<\/h2>\n\n\n\n<ul>\n<li>Todas las Coberturas.<\/li>\n\n\n\n<li>Contratos y Prepago.<\/li>\n<\/ul>\n\n\n\n<h3 class=\"wp-block-heading has-text-align-center\">Desde ##\u20ac\/mes<\/h3>\n\n\n\n<div class=\"wp-block-buttons is-content-justification-center is-layout-flex wp-container-core-buttons-layout-1 wp-block-buttons-is-layout-flex\">\n<div class=\"wp-block-button\"><a class=\"wp-block-button__link wp-element-button\">Busca tu tarifa<\/a><\/div>\n<\/div>\n<\/div>\n\n\n\n<div class=\"wp-block-column is-layout-flow wp-block-column-is-layout-flow\">\n<figure class=\"wp-block-image size-large is-resized\"><img loading=\"lazy\" decoding=\"async\" width=\"1280\" height=\"720\" src=\"https:\/\/wifing.es\/wp-content\/uploads\/2023\/12\/TIPOS-DE-FIBRA-OPTICA-edited.jpg\" alt=\"\" class=\"wp-image-100\" style=\"width:284px;height:auto\" srcset=\"https:\/\/wifing.es\/wp-content\/uploads\/2023\/12\/TIPOS-DE-FIBRA-OPTICA-edited.jpg 1280w, https:\/\/wifing.es\/wp-content\/uploads\/2023\/12\/TIPOS-DE-FIBRA-OPTICA-edited-300x169.jpg 300w, https:\/\/wifing.es\/wp-content\/uploads\/2023\/12\/TIPOS-DE-FIBRA-OPTICA-edited-1024x576.jpg 1024w, https:\/\/wifing.es\/wp-content\/uploads\/2023\/12\/TIPOS-DE-FIBRA-OPTICA-edited-768x432.jpg 768w\" sizes=\"(max-width: 1280px) 100vw, 1280px\" \/><\/figure>\n\n\n\n<h2 class=\"wp-block-heading has-text-align-center\">Fibra \u00d3ptica<\/h2>\n\n\n\n<ul>\n<li>Conexi\u00f3n hasta el hogar.<\/li>\n\n\n\n<li>Router Doble-Wifi interior.<\/li>\n<\/ul>\n\n\n\n<h3 class=\"wp-block-heading has-text-align-center\">Desde ##\u20ac\/mes<\/h3>\n\n\n\n<div class=\"wp-block-buttons alignwide is-content-justification-center is-layout-flex wp-container-core-buttons-layout-2 wp-block-buttons-is-layout-flex\">\n<div class=\"wp-block-button\"><a class=\"wp-block-button__link wp-element-button\" href=\"https:\/\/wifing.es\/?page_id=44\">Busca tu tarifa<\/a><\/div>\n<\/div>\n<\/div>\n\n\n\n<div class=\"wp-block-column is-layout-flow wp-block-column-is-layout-flow\">\n<figure class=\"wp-block-image size-full\"><img loading=\"lazy\" decoding=\"async\" width=\"747\" height=\"420\" src=\"https:\/\/wifing.es\/wp-content\/uploads\/2023\/12\/como-proteger-red-wifi-negocio-edited.jpg\" alt=\"\" class=\"wp-image-102\" srcset=\"https:\/\/wifing.es\/wp-content\/uploads\/2023\/12\/como-proteger-red-wifi-negocio-edited.jpg 747w, https:\/\/wifing.es\/wp-content\/uploads\/2023\/12\/como-proteger-red-wifi-negocio-edited-300x169.jpg 300w\" sizes=\"(max-width: 747px) 100vw, 747px\" \/><\/figure>\n\n\n\n<h2 class=\"wp-block-heading has-text-align-center\">Internet WiFi<\/h2>\n\n\n\n<ul>\n<li>Antena Exterior con router WiFi.<\/li>\n\n\n\n<li>Residencial hasta 30 \u00f3 50mbps.<\/li>\n<\/ul>\n\n\n\n<h3 class=\"wp-block-heading has-text-align-center\">Desde ##\u20ac\/mes<\/h3>\n\n\n\n<div class=\"wp-block-buttons is-content-justification-center is-layout-flex wp-container-core-buttons-layout-3 wp-block-buttons-is-layout-flex\">\n<div class=\"wp-block-button\"><a class=\"wp-block-button__link wp-element-button\">Busca tu tarifa<\/a><\/div>\n<\/div>\n<\/div>\n\n\n\n<div class=\"wp-block-column is-layout-flow wp-block-column-is-layout-flow\">\n<figure class=\"wp-block-image size-full\"><img loading=\"lazy\" decoding=\"async\" width=\"800\" height=\"450\" src=\"https:\/\/wifing.es\/wp-content\/uploads\/2023\/12\/como-realizar-llamadas-numero-oculto.jpg\" alt=\"\" class=\"wp-image-103\" srcset=\"https:\/\/wifing.es\/wp-content\/uploads\/2023\/12\/como-realizar-llamadas-numero-oculto.jpg 800w, https:\/\/wifing.es\/wp-content\/uploads\/2023\/12\/como-realizar-llamadas-numero-oculto-300x169.jpg 300w, https:\/\/wifing.es\/wp-content\/uploads\/2023\/12\/como-realizar-llamadas-numero-oculto-768x432.jpg 768w\" sizes=\"(max-width: 800px) 100vw, 800px\" \/><\/figure>\n\n\n\n<h2 class=\"wp-block-heading has-text-align-center\">Tel\u00e9fono Fijo<\/h2>\n\n\n\n<ul>\n<li>Conexi\u00f3n telefon\u00eda fija.<\/li>\n\n\n\n<li>Centralita Virtual.<\/li>\n<\/ul>\n\n\n\n<h3 class=\"wp-block-heading has-text-align-center\">Desde ##\u20ac\/mes<\/h3>\n\n\n\n<div class=\"wp-block-buttons is-content-justification-center is-layout-flex wp-container-core-buttons-layout-4 wp-block-buttons-is-layout-flex\">\n<div class=\"wp-block-button\"><a class=\"wp-block-button__link wp-element-button\">Busca tu tarifa<\/a><\/div>\n<\/div>\n<\/div>\n<\/div>\n\n\n\n<div class=\"wp-block-cover\"><span aria-hidden=\"true\" class=\"wp-block-cover__background has-background-dim\"><\/span><img loading=\"lazy\" decoding=\"async\" width=\"1024\" height=\"400\" class=\"wp-block-cover__image-background wp-image-108\" alt=\"\" src=\"https:\/\/wifing.es\/wp-content\/uploads\/2023\/12\/Equipoempresa.jpg\" data-object-fit=\"cover\" srcset=\"https:\/\/wifing.es\/wp-content\/uploads\/2023\/12\/Equipoempresa.jpg 1024w, https:\/\/wifing.es\/wp-content\/uploads\/2023\/12\/Equipoempresa-300x117.jpg 300w, https:\/\/wifing.es\/wp-content\/uploads\/2023\/12\/Equipoempresa-768x300.jpg 768w\" sizes=\"(max-width: 1024px) 100vw, 1024px\" \/><div class=\"wp-block-cover__inner-container is-layout-constrained wp-block-cover-is-layout-constrained\">\n<h2 class=\"wp-block-heading has-text-align-center has-larger-font-size\" style=\"font-style:normal;font-weight:900;text-transform:uppercase\">Comprometidos con TUS SERVICIOS<\/h2>\n<\/div><\/div>\n\n\n\n<p> <\/p>\n","protected":false},"excerpt":{"rendered":"<p>M\u00f3vil Desde ##\u20ac\/mes Fibra \u00d3ptica Desde ##\u20ac\/mes Internet WiFi Desde ##\u20ac\/mes Tel\u00e9fono Fijo Desde ##\u20ac\/mes<\/p>\n","protected":false},"author":1,"featured_media":0,"parent":0,"menu_order":0,"comment_status":"closed","ping_status":"closed","template":"","meta":{"_kad_post_transparent":"","_kad_post_title":"","_kad_post_layout":"","_kad_post_sidebar_id":"","_kad_post_content_style":"","_kad_post_vertical_padding":"","_kad_post_feature":"","_kad_post_feature_position":"","_kad_post_header":false,"_kad_post_footer":false,"footnotes":"[]"},"_links":{"self":[{"href":"https:\/\/wifing.es\/index.php?rest_route=\/wp\/v2\/pages\/76"}],"collection":[{"href":"https:\/\/wifing.es\/index.php?rest_route=\/wp\/v2\/pages"}],"about":[{"href":"https:\/\/wifing.es\/index.php?rest_route=\/wp\/v2\/types\/page"}],"author":[{"embeddable":true,"href":"https:\/\/wifing.es\/index.php?rest_route=\/wp\/v2\/users\/1"}],"replies":[{"embeddable":true,"href":"https:\/\/wifing.es\/index.php?rest_route=%2Fwp%2Fv2%2Fcomments&post=76"}],"version-history":[{"count":20,"href":"https:\/\/wifing.es\/index.php?rest_route=\/wp\/v2\/pages\/76\/revisions"}],"predecessor-version":[{"id":140,"href":"https:\/\/wifing.es\/index.php?rest_route=\/wp\/v2\/pages\/76\/revisions\/140"}],"wp:attachment":[{"href":"https:\/\/wifing.es\/index.php?rest_route=%2Fwp%2Fv2%2Fmedia&parent=76"}],"curies":[{"name":"wp","href":"https:\/\/api.w.org\/{rel}","templated":true}]}}